Last updated on 2024-05-09 11:49:51 CEST.
Flavor | Version | Tinstall | Tcheck | Ttotal | Status | Flags |
---|---|---|---|---|---|---|
r-devel-linux-x86_64-debian-clang | 1.1 | 15.91 | 108.08 | 123.99 | NOTE | |
r-devel-linux-x86_64-debian-gcc | 1.1 | 9.97 | 80.24 | 90.21 | NOTE | |
r-devel-linux-x86_64-fedora-clang | 1.1 | 153.91 | NOTE | |||
r-devel-linux-x86_64-fedora-gcc | 1.1 | 201.44 | NOTE | |||
r-devel-windows-x86_64 | 1.1 | 10.00 | 94.00 | 104.00 | NOTE | |
r-patched-linux-x86_64 | 1.1 | 11.46 | 105.01 | 116.47 | NOTE | |
r-release-linux-x86_64 | 1.1 | 10.08 | 103.63 | 113.71 | NOTE | |
r-release-macos-arm64 | 1.1 | 38.00 | NOTE | |||
r-release-windows-x86_64 | 1.1 | 13.00 | 93.00 | 106.00 | NOTE | |
r-oldrel-macos-arm64 | 1.1 | 29.00 | NOTE | |||
r-oldrel-macos-x86_64 | 1.1 | 40.00 | NOTE | |||
r-oldrel-windows-x86_64 | 1.1 | 16.00 | 112.00 | 128.00 | NOTE |
Version: 1.1
Check: LazyData
Result: NOTE
'LazyData' is specified without a 'data' directory
Flavors: r-devel-linux-x86_64-debian-clang, r-devel-linux-x86_64-debian-gcc, r-devel-linux-x86_64-fedora-clang, r-devel-linux-x86_64-fedora-gcc, r-devel-windows-x86_64, r-patched-linux-x86_64, r-release-linux-x86_64, r-release-macos-arm64, r-release-windows-x86_64, r-oldrel-macos-arm64, r-oldrel-macos-x86_64, r-oldrel-windows-x86_64