Last updated on 2024-06-04 13:51:19 CEST.
Flavor | Version | Tinstall | Tcheck | Ttotal | Status | Flags |
---|---|---|---|---|---|---|
r-devel-linux-x86_64-debian-clang | 3.22 | 28.18 | 144.06 | 172.24 | OK | |
r-devel-linux-x86_64-debian-gcc | 3.22 | 21.57 | 98.25 | 119.82 | OK | |
r-devel-linux-x86_64-fedora-clang | 3.22 | 203.41 | NOTE | |||
r-devel-linux-x86_64-fedora-gcc | 3.22 | 193.31 | OK | |||
r-devel-windows-x86_64 | 3.22 | 31.00 | 111.00 | 142.00 | NOTE | |
r-patched-linux-x86_64 | 3.22 | 35.08 | 131.26 | 166.34 | OK | |
r-release-linux-x86_64 | 3.22 | 26.96 | 134.28 | 161.24 | OK | |
r-release-macos-arm64 | 3.22 | 51.00 | NOTE | |||
r-release-macos-x86_64 | 3.22 | 142.00 | NOTE | |||
r-release-windows-x86_64 | 3.22 | 29.00 | 112.00 | 141.00 | NOTE | |
r-oldrel-macos-arm64 | 3.22 | 55.00 | NOTE | |||
r-oldrel-macos-x86_64 | 3.22 | 125.00 | NOTE | |||
r-oldrel-windows-x86_64 | 3.22 | 40.00 | 141.00 | 181.00 | NOTE |
Version: 3.22
Check: installed package size
Result: NOTE
installed size is 5.8Mb
sub-directories of 1Mb or more:
gui 1.7Mb
staticdocs 3.3Mb
Flavors: r-devel-linux-x86_64-fedora-clang, r-devel-windows-x86_64, r-release-macos-arm64, r-release-macos-x86_64, r-release-windows-x86_64, r-oldrel-macos-arm64, r-oldrel-macos-x86_64, r-oldrel-windows-x86_64