Last updated on 2024-05-09 11:49:49 CEST.
Flavor | Version | Tinstall | Tcheck | Ttotal | Status | Flags |
---|---|---|---|---|---|---|
r-devel-linux-x86_64-debian-clang | 1.2 | 18.59 | 64.57 | 83.16 | NOTE | |
r-devel-linux-x86_64-debian-gcc | 1.2 | 15.52 | 49.33 | 64.85 | NOTE | |
r-devel-linux-x86_64-fedora-clang | 1.2 | 106.17 | NOTE | |||
r-devel-linux-x86_64-fedora-gcc | 1.2 | 148.52 | NOTE | |||
r-devel-windows-x86_64 | 1.2 | 18.00 | 79.00 | 97.00 | NOTE | |
r-patched-linux-x86_64 | 1.2 | 20.39 | 61.44 | 81.83 | NOTE | |
r-release-linux-x86_64 | 1.2 | 17.27 | 61.22 | 78.49 | NOTE | |
r-release-macos-arm64 | 1.2 | 45.00 | NOTE | |||
r-release-windows-x86_64 | 1.2 | 19.00 | 79.00 | 98.00 | NOTE | |
r-oldrel-macos-arm64 | 1.2 | 46.00 | OK | |||
r-oldrel-macos-x86_64 | 1.2 | 82.00 | OK | |||
r-oldrel-windows-x86_64 | 1.2 | 22.00 | 89.00 | 111.00 | OK |
Version: 1.2
Check: Rd files
Result: NOTE
checkRd: (-1) getPCRAData.Rd:28: Lost braces in \itemize; meant \describe ?
checkRd: (-1) getPCRAData.Rd:29: Lost braces in \itemize; meant \describe ?
Flavors: r-devel-linux-x86_64-debian-clang, r-devel-linux-x86_64-debian-gcc, r-devel-linux-x86_64-fedora-clang, r-devel-linux-x86_64-fedora-gcc, r-devel-windows-x86_64, r-patched-linux-x86_64, r-release-linux-x86_64, r-release-macos-arm64, r-release-windows-x86_64