Last updated on 2024-05-04 11:48:28 CEST.
Flavor | Version | Tinstall | Tcheck | Ttotal | Status | Flags |
---|---|---|---|---|---|---|
r-devel-linux-x86_64-debian-clang | 0.2 | 33.88 | 46.63 | 80.51 | NOTE | |
r-devel-linux-x86_64-debian-gcc | 0.2 | 26.40 | 37.79 | 64.19 | NOTE | |
r-devel-linux-x86_64-fedora-clang | 0.2 | 112.43 | NOTE | |||
r-devel-linux-x86_64-fedora-gcc | 0.2 | 118.99 | NOTE | |||
r-devel-windows-x86_64 | 0.2 | 31.00 | 75.00 | 106.00 | NOTE | |
r-patched-linux-x86_64 | 0.2 | 39.02 | 47.90 | 86.92 | NOTE | |
r-release-linux-x86_64 | 0.2 | 32.24 | 47.68 | 79.92 | NOTE | |
r-release-macos-arm64 | 0.2 | 32.00 | NOTE | |||
r-release-windows-x86_64 | 0.2 | 28.00 | 72.00 | 100.00 | NOTE | |
r-oldrel-macos-arm64 | 0.2 | 42.00 | NOTE | |||
r-oldrel-macos-x86_64 | 0.2 | 55.00 | NOTE | |||
r-oldrel-windows-x86_64 | 0.2 | 37.00 | 82.00 | 119.00 | NOTE |
Version: 0.2
Check: LazyData
Result: NOTE
'LazyData' is specified without a 'data' directory
Flavors: r-devel-linux-x86_64-debian-clang, r-devel-linux-x86_64-debian-gcc, r-devel-linux-x86_64-fedora-clang, r-devel-linux-x86_64-fedora-gcc, r-devel-windows-x86_64, r-patched-linux-x86_64, r-release-linux-x86_64, r-release-macos-arm64, r-release-windows-x86_64, r-oldrel-macos-arm64, r-oldrel-macos-x86_64, r-oldrel-windows-x86_64