Last updated on 2024-05-09 11:49:45 CEST.
Flavor | Version | Tinstall | Tcheck | Ttotal | Status | Flags |
---|---|---|---|---|---|---|
r-devel-linux-x86_64-debian-clang | 1.0.1 | 40.68 | 477.58 | 518.26 | OK | |
r-devel-linux-x86_64-debian-gcc | 1.0.1 | 36.62 | 331.78 | 368.40 | OK | |
r-devel-linux-x86_64-fedora-clang | 1.0.1 | 633.50 | NOTE | |||
r-devel-linux-x86_64-fedora-gcc | 1.0.1 | 699.05 | OK | |||
r-devel-windows-x86_64 | 1.0.1 | 37.00 | 314.00 | 351.00 | NOTE | |
r-patched-linux-x86_64 | 1.0.1 | 38.84 | 457.92 | 496.76 | OK | |
r-release-linux-x86_64 | 1.0.1 | 39.91 | 457.45 | 497.36 | OK | |
r-release-macos-arm64 | 1.0.1 | 146.00 | NOTE | |||
r-release-windows-x86_64 | 1.0.1 | 37.00 | 317.00 | 354.00 | NOTE | |
r-oldrel-macos-arm64 | 1.0.1 | 155.00 | NOTE | |||
r-oldrel-macos-x86_64 | 1.0.1 | 331.00 | NOTE | |||
r-oldrel-windows-x86_64 | 1.0.1 | 49.00 | 414.00 | 463.00 | NOTE |
Version: 1.0.1
Check: installed package size
Result: NOTE
installed size is 5.2Mb
sub-directories of 1Mb or more:
R 1.2Mb
doc-software 2.4Mb
Flavors: r-devel-linux-x86_64-fedora-clang, r-devel-windows-x86_64, r-release-macos-arm64, r-release-windows-x86_64, r-oldrel-macos-arm64, r-oldrel-macos-x86_64, r-oldrel-windows-x86_64