Last updated on 2024-05-09 11:49:45 CEST.
Flavor | Version | Tinstall | Tcheck | Ttotal | Status | Flags |
---|---|---|---|---|---|---|
r-devel-linux-x86_64-debian-clang | 0.9.3 | 5.65 | 51.05 | 56.70 | OK | |
r-devel-linux-x86_64-debian-gcc | 0.9.3 | 3.74 | 38.03 | 41.77 | OK | |
r-devel-linux-x86_64-fedora-clang | 0.9.3 | 72.44 | NOTE | |||
r-devel-linux-x86_64-fedora-gcc | 0.9.3 | 139.82 | NOTE | |||
r-devel-windows-x86_64 | 0.9.3 | 5.00 | 62.00 | 67.00 | OK | |
r-patched-linux-x86_64 | 0.9.3 | 4.69 | 47.49 | 52.18 | OK | |
r-release-linux-x86_64 | 0.9.3 | 3.51 | 47.34 | 50.85 | OK | |
r-release-macos-arm64 | 0.9.3 | 41.00 | OK | |||
r-release-windows-x86_64 | 0.9.3 | 6.00 | 61.00 | 67.00 | OK | |
r-oldrel-macos-arm64 | 0.9.3 | 40.00 | OK | |||
r-oldrel-macos-x86_64 | 0.9.3 | 44.00 | OK | |||
r-oldrel-windows-x86_64 | 0.9.3 | 8.00 | 65.00 | 73.00 | OK |
Version: 0.9.3
Check: package dependencies
Result: NOTE
Imports includes 25 non-default packages.
Importing from so many packages makes the package vulnerable to any of
them becoming unavailable. Move as many as possible to Suggests and
use conditionally.
Flavor: r-devel-linux-x86_64-fedora-clang
Version: 0.9.3
Check: dependencies in R code
Result: NOTE
Namespaces in Imports field not imported from:
‘DT’ ‘SnowballC’ ‘beepr’ ‘broom’ ‘chinese.misc’ ‘dplyr’ ‘highcharter’
‘htmlwidgets’ ‘ldatuning’ ‘parallel’ ‘plotly’ ‘purrr’ ‘quanteda’
‘shinyBS’ ‘shinyWidgets’ ‘shinyalert’ ‘shinycssloaders’ ‘shinyjs’
‘stringr’ ‘textmineR’ ‘tidyr’ ‘tidytext’ ‘topicmodels’
All declared Imports should be used.
Flavors: r-devel-linux-x86_64-fedora-clang, r-devel-linux-x86_64-fedora-gcc