Last updated on 2024-06-15 12:48:21 CEST.
Flavor | Version | Tinstall | Tcheck | Ttotal | Status | Flags |
---|---|---|---|---|---|---|
r-devel-linux-x86_64-debian-clang | 1.0.1 | 10.17 | 96.17 | 106.34 | OK | |
r-devel-linux-x86_64-debian-gcc | 1.0.1 | 7.77 | 72.90 | 80.67 | OK | |
r-devel-linux-x86_64-fedora-clang | 1.0.1 | 132.19 | OK | |||
r-devel-linux-x86_64-fedora-gcc | 1.0.1 | 139.13 | OK | |||
r-devel-windows-x86_64 | 1.0.1 | 8.00 | 96.00 | 104.00 | OK | |
r-patched-linux-x86_64 | 1.0.1 | 6.96 | 92.50 | 99.46 | OK | |
r-release-linux-x86_64 | 1.0.1 | 5.70 | 94.50 | 100.20 | OK | |
r-release-macos-arm64 | 1.0.1 | 48.00 | OK | |||
r-release-macos-x86_64 | 1.0.1 | 68.00 | OK | |||
r-release-windows-x86_64 | 1.0.1 | 9.00 | 103.00 | 112.00 | NOTE | |
r-oldrel-macos-arm64 | 1.0.1 | 51.00 | OK | |||
r-oldrel-macos-x86_64 | 1.0.1 | 79.00 | OK | |||
r-oldrel-windows-x86_64 | 1.0.1 | 11.00 | 108.00 | 119.00 | OK |
Version: 1.0.1
Check: for unstated dependencies in vignettes
Result: NOTE
Fatal error: couldn't allocate node stack
Flavor: r-release-windows-x86_64