Last updated on 2024-05-12 10:57:25 CEST.
Flavor | Version | Tinstall | Tcheck | Ttotal | Status | Flags |
---|---|---|---|---|---|---|
r-devel-linux-x86_64-debian-clang | 4.1.3 | 4.60 | 45.57 | 50.17 | NOTE | |
r-devel-linux-x86_64-debian-gcc | 4.1.3 | 3.60 | 33.79 | 37.39 | NOTE | |
r-devel-linux-x86_64-fedora-clang | 4.1.3 | 62.94 | NOTE | |||
r-devel-linux-x86_64-fedora-gcc | 4.1.3 | 60.17 | NOTE | |||
r-devel-windows-x86_64 | 4.1.3 | 5.00 | 53.00 | 58.00 | NOTE | |
r-patched-linux-x86_64 | 4.1.3 | 3.58 | 44.40 | 47.98 | NOTE | |
r-release-linux-x86_64 | 4.1.3 | 4.18 | 44.07 | 48.25 | NOTE | |
r-release-macos-arm64 | 4.1.3 | 21.00 | NOTE | |||
r-release-windows-x86_64 | 4.1.3 | 4.00 | 53.00 | 57.00 | NOTE | |
r-oldrel-macos-arm64 | 4.1.3 | 22.00 | OK | |||
r-oldrel-macos-x86_64 | 4.1.3 | 33.00 | OK | |||
r-oldrel-windows-x86_64 | 4.1.3 | 4.00 | 55.00 | 59.00 | OK |
Version: 4.1.3
Check: Rd files
Result: NOTE
checkRd: (-1) Deriv.Rd:33: Lost braces
33 | guessed either from\ code{names(formals(f))} (if \code{f} is a function)
| ^
Flavors: r-devel-linux-x86_64-debian-clang, r-devel-linux-x86_64-debian-gcc, r-devel-linux-x86_64-fedora-clang, r-devel-linux-x86_64-fedora-gcc, r-devel-windows-x86_64, r-patched-linux-x86_64, r-release-linux-x86_64, r-release-macos-arm64, r-release-windows-x86_64