Last updated on 2024-05-07 12:56:04 CEST.
Flavor | Version | Tinstall | Tcheck | Ttotal | Status | Flags |
---|---|---|---|---|---|---|
r-devel-linux-x86_64-debian-clang | 2.1 | 2.91 | 40.57 | 43.48 | OK | |
r-devel-linux-x86_64-debian-gcc | 2.1 | 2.09 | 30.77 | 32.86 | OK | |
r-devel-linux-x86_64-fedora-clang | 2.1 | 56.30 | NOTE | |||
r-devel-linux-x86_64-fedora-gcc | 2.1 | 64.71 | NOTE | |||
r-devel-windows-x86_64 | 2.1 | 4.00 | 52.00 | 56.00 | OK | |
r-patched-linux-x86_64 | 2.1 | 2.32 | 39.30 | 41.62 | OK | |
r-release-linux-x86_64 | 2.1 | 2.84 | 38.65 | 41.49 | OK | |
r-release-macos-arm64 | 2.1 | 26.00 | OK | |||
r-release-windows-x86_64 | 2.1 | 5.00 | 71.00 | 76.00 | OK | |
r-oldrel-macos-arm64 | 2.1 | 27.00 | OK | |||
r-oldrel-macos-x86_64 | 2.1 | 40.00 | OK | |||
r-oldrel-windows-x86_64 | 2.1 | 5.00 | 54.00 | 59.00 | OK |
Version: 2.1
Check: dependencies in R code
Result: NOTE
Namespaces in Imports field not imported from:
‘sp’ ‘spdep’
All declared Imports should be used.
Flavors: r-devel-linux-x86_64-fedora-clang, r-devel-linux-x86_64-fedora-gcc